s of z?
3, 3167
Suppose -126*s + 104*s = -66. Suppose -2*a + 21*u - 25*u + 2472 = 0, 2472 = 2*a + s*u. List the prime factors of a.
2, 3, 103
Let a = -42460 - -71528. List the prime factors of a.
2, 13, 43
Let i = -120 - -231. Suppose -85 = -2*b + 5*h, -4*h + 152 = -4*b + 292. Let a = b + i. What are the prime factors of a?
3, 47
Let u(y) = y**3 - 3*y**2 + 2*y + 4. Suppose -4*k - 11 = -3*c + 2*c, -3*c + 5 = 2*k. Let j be u(c). List the prime factors of j/(-35) + (-5)/(105/(-1518)).
2, 3
Let y(k) = -k**3 - 12*k**2 + 2*k - 17. List the prime factors of y(-15).
2, 157
Suppose -7*x + 39 = 4. Suppose 5*k + 0 = x. Suppose h + k = -4, 4*h = 5*o - 290. What are the prime factors of o?
2, 3
Let f(r) = r - 2. Let z be f(2). Suppose 5*c + 5*w - 175 = z, 4*w + 159 = 5*c + 5*w. Suppose 4*t - c - 2 = -i, 4*i + 4*t = 156. List the prime factors of i.
41
Let n(w) = -w**3 + 102 + 12*w**2 - 3*w - 208 + 82. Let s(p) = -p**3 + 7*p**2 + 10*p - 8. Let f be s(8). What are the prime factors of n(f)?
2, 13
Suppose -38820 = -4*x + 4*n, 21*x - 26*x + 4*n = -48522. What are the prime factors of x?
2, 3, 7, 11
Let p(y) = -4*y - 16. Let n be p(-5). Suppose 9*h = 5*h + 4, 2*h = n*b + 898. Let m = -119 - b. List the prime factors of m.
3, 5, 7
Suppose 0 = 66*z - 42*z - 111048. What are the prime factors of z?
7, 661
Let r be (2/3)/((-10)/(-45)). Suppose f = -r*f - 820. Let g = f - -324. List the prime factors of g.
7, 17
Suppose 156*a + 5*l = 157*a - 7229, -4*a - 5*l = -28816. List the prime factors of a.
3, 89
Let g = 42171 - 6461. What are the prime factors of g?
2, 5, 3571
Let i = -58 - -63. Suppose 0 = -n - 3, -2*l - 9 = i*n. Suppose l*k = 696 - 150. List the prime factors of k.
2, 7, 13
Let v be -3584*((-10)/4 + 2). Suppose -4*u + v = -2*y, -4*y + y = 0. List the prime factors of u.
2, 7
Let l(y) = 11*y - 84. Suppose 3*u - 37 = -k, 2*k - 41 = -4*u - k. What are the prime factors of l(u)?
2, 5, 7
Let l(n) = n**3 - 44*n**2 - 57*n - 299. What are the prime factors of l(47)?
41, 89
Suppose -9 = -7*i + 19. Let m(v) = 3*v**2 - 4*v + 8 - 1 + 4. List the prime factors of m(i).
43
Let x be ((-4)/(-6) - 1) + 32/(-12). Let m be (-18)/3*(x - (-28)/8). What are the prime factors of 678/18 + 2/m?
37
Suppose 6*m + 32 = 2*m. Let n(u) = 4*u**2 + 7*u - 31. Let r be n(3). Let d = r + m. What are the prime factors of d?
2, 3
Let l(g) = 13*g - 127. Let u be l(10). Suppose -4*o = -3*a - 2623, -5*a + 2942 - 982 = u*o. What are the prime factors of o?
5, 131
Let b = -1476 - -2511. What are the prime factors of b?
3, 5, 23
Let x(m) = m**2 + m - 54. Let d(t) = 2*t**2 - 21*t + 41. Let o be d(6). List the prime factors of x(o).
2, 3, 17
Let i(q) = -q - 22. Let n be i(-11). Let g(y) = 2*y**2 - 2*y + 11. Let t be g(n). Suppose -4*v + t = v. List the prime factors of v.
5, 11
Let w be (-2 - 5/(-2))/(2/4). What are the prime factors of (w - 2)*631/(-1)?
631
Let z be (-4)/8*4*8/(-2). Let k(r) = 2*r**2 - 15*r**2 + z*r**2 + 9*r + 1 + 8*r**2. List the prime factors of k(-8).
11
Let v be 1/(-2) - 7/4*-2. Suppose 6*r - v*r = 108. What are the prime factors of (9/2)/(6/r)?
3
Let l be -6*3/6 + -31. Let b = l - -28. What are the prime factors of (7 + -4)*((-136)/b - 1)?
5, 13
Suppose 48*v = 43*v - 5*m + 68055, 68031 = 5*v - 3*m. What are the prime factors of v?
2, 3, 7
Let r = -748 - -75. Let x = 1201 + r. What are the prime factors of x?
2, 3, 11
Let l = -530 + 266. Suppose 9*h - 51*h - 7644 = 0. Let c = h - l. What are the prime factors of c?
2, 41
Let r be 61/(-1) + 6/(-6). Let c = 300 + -329. Let q = c - r. What are the prime factors of q?
3, 11
Let r(y) = -y**2 - 8*y + 4. Let x be r(-8). Suppose -b = -x*b. List the prime factors of 1 - 3 - ((-58)/1 + b).
2, 7
Suppose -5641 - 39506 = -3*c + 63225. What are the prime factors of c?
2, 11, 821
Suppose 0 = -j + 4 + 20. Let r = 27 - j. Suppose -r*c = -5*k - 36 + 578, -2*c + 111 = k. List the prime factors of k.
109
What are the prime factors of (6 + -17 + 1)*(2 - 22224/30)?
2, 1847
Let n(y) = 293*y**2 + 130*y + 650. What are the prime factors of n(-11)?
34673
Let y(h) = 2*h + 1. Let n be y(0). Let b be (-11)/22*(28 + 0)*n. Let c(p) = p**2 + 10*p + 35. List the prime factors of c(b).
7, 13
Let i(o) = 152*o**2 - 52*o - 626. List the prime factors of i(-13).
2, 17, 757
Let v = -745 - -744. What are the prime factors of 1099 + (v - 35/(-5))?
5, 13, 17
Let k = -21203 - -30457. List the prime factors of k.
2, 7, 661
What are the prime factors of 2*-3 - 308664/(-27)?
2, 29, 197
Let h = -45746 + 71208. List the prime factors of h.
2, 29, 439
Let g(n) = n**3 + 4*n**2 + 51 - 55 + n - 3*n. Let k be g(-4). Suppose -3*s - 300 = -3*m, s + 4*s + 399 = k*m. List the prime factors of m.
101
Let k(h) = 12 + 20*h + h**2 - 24*h**2 - 23*h. Let n be k(6). What are the prime factors of 2 + (-27)/12 + n/(-8)?
2, 13
Let u be 45 - 46 - (-3 - 1). Suppose -u*n - 3*o = -1548, -5*o - 2085 = -4*n - 2*o. List the prime factors of n.
3, 173
Let g = 9288 - 3588. List the prime factors of g.
2, 3, 5, 19
Suppose -20*i = -15*i. Let f(w) = 44*w - 35. Let c be f(7). Suppose i = 7*x - c + 70. What are the prime factors of x?
29
Suppose -u + l = -6620, 155*u - 152*u - 2*l - 19852 = 0. What are the prime factors of u?
2, 3, 19, 29
Let g(u) = 51*u**2 - 2*u - 4. Let r be g(-3). Let j be 12 + (-48)/36*3/2. Suppose -2*i + 574 = 5*l, -i + r = 14*l - j*l. List the prime factors of l.
2, 29
Let s(c) = 4*c**3 + 8*c**2 - 6*c - 30. Let d be s(-9). Let i = -1520 - d. What are the prime factors of i?
2, 181
Let d(q) = 131*q + 8450. What are the prime factors of d(-18)?
2, 1523
Let z = -19223 + 30973. What are the prime factors of z?
2, 5, 47
Suppose -25*y = -24*y - 5*x - 5714, 3*x - 22741 = -4*y. What are the prime factors of y?
5689
Let i be -12 + (-15)/5 + 1. Let h(u) = -u**3 - 13*u**2 + 4*u + 10. What are the prime factors of h(i)?
2, 3, 5
Let o = -16 - -17. Suppose 3*a + o - 13 = 0, -2*n + 36 = 4*a. What are the prime factors of 45/n*(-164)/(-6)?
3, 41
Let u(t) = 4*t - 28. Let v be u(7). Let z be -26 - 4/16*v. Let l = z + 45. List the prime factors of l.
19
Let b(o) = -o**3 + 16*o**2 + 21*o + 17. Let a be b(17). Suppose 5*v - 485 = -y - a, 0 = 3*y - v - 1120. List the prime factors of y.
3, 5
Let i(t) = 5*t**2 + 83*t - 924. What are the prime factors of i(77)?
2, 3, 7, 11, 19
Suppose -14*s + 9*s = -160. Suppose 13994 = s*n - 15286. List the prime factors of n.
3, 5, 61
Let s be 1/2*(0 - 0). Let q = 3514 - 1498. Suppose s = -10*g - 6*g + q. What are the prime factors of g?
2, 3, 7
Let n(m) = 55*m + 2. Suppose -50 = -8*h - 2. Let w be n(h). Suppose -4*q - 4*i = q - 456, 5*i = 4*q - w. List the prime factors of q.
2, 11
Let r(v) be the first derivative of 7*v**3/3 + 4*v**2 - 5*v + 76. What are the prime factors of r(-4)?
3, 5
Let p(t) = 6360*t**2 - 101*t - 100. List the prime factors of p(-1).
6361
Suppose -w + c = -7835, 0 = -13*w + 8*c - 10*c + 101750. List the prime factors of w.
2, 19, 103
Let t = 89315 + -61086. List the prime factors of t.
28229
Suppose -3*u - 2*b + 9 = -8, 2*b + 18 = 4*u. Suppose -2*w - 1095 = -u*w. List the prime factors of w.
5, 73
Let k(s) be the second derivative of 3*s**5/20 + 2*s**4/3 - 5*s**3/6 + 65*s**2/2 + 45*s. List the prime factors of k(6).
971
Let a = -7099 + 10048. List the prime factors of a.
3, 983
Let w = 4149 - 2562. Suppose 9384 = 1593*j - w*j. What are the prime factors of j?
2, 17, 23
Let l = -66 - -15. Let b = -61 - l. List the prime factors of ((-1)/3)/(b/240).
2
Suppose 4*l - 48190 = -3*g, -9*l + 13*l + 32140 = 2*g. What are the prime factors of g?
2, 29, 277
Let m = -47 - -439. Suppose 14*j = 10*j + m. What are the prime factors of j?
2, 7
Let i be (27/(-6) - -5)/(2/(-72)). List the prime factors of (-48)/i*(-1611)/(-12).
2, 179
Suppose 0 = 413*b - 420*b + 70. Suppose -j + 169 = b*y - 5*y, -4*j + 3*y = -607. What are the prime factors of j?
2, 7, 11
Suppose -i = -z + 130, 2*i + 532 = 4*z + i. Suppose -139*o + 1985 = -z*o. List the prime factors of o.
397
Suppose 0*u = 3*u - 51. Suppose u = -3*i + 23. Suppose -1212 = 4*a - 9*a - 3*c, 8 = i*c. List the prime factors of a.
2, 3, 5
Let b be (-24)/(-108) + (-2048)/(-18). Suppose 0 = 4*g + g - 5*w - 285, 0 = -2*g + w + b. Suppose g*k = 54*k + 123. What are the prime factors of k?
41
Suppose -3*g + g = -4*x + 3766, 5